What is the value of 7 + -21 + 15 + (0 - 1)?
0
Evaluate -7 + 5 - (-4 + (4 - 6)).
4
What is -1 + -1 - (-2 - (-8 + 3))?
-5
Evaluate -2 + 3 + -3 + 1.
-1
Calculate (-7 + 2 + -3 - -3) + -2.
-7
What is -2 - (1 - (1 - -2))?
0
Evaluate 0 - (5 - (4 + -1) - 5).
3
What is (0 - 4) + 0 + 7 + -6?
-3
Evaluate 0 + (2 - 5) + -1 + 0.
-4
What is the value of -8 - (-10 + 7) - -11?
6
Calculate (-1 - 1) + 0 + (1 - -1).
0
(-21 - -7) + 9 + -1
-6
Evaluate (-2 - -7) + (4 - -2) + -18.
-7
Evaluate -2 + 4 + 0 + (0 - -1).
3
What is -4 - (-9 + (2 - -1))?
2
What is 7 - -1 - 11 - -1 - 3?
-5
What is -4 + (8 - 1) - -1?
4
Evaluate 5 + 0 + 3 - 12.
-4
What is 2 + -2 - (-7 + 6)?
1
Evaluate 0 + 11 - 1 - (76 + -70).
4
What is 4 + (5 - 11 - -2)?
0
Evaluate (-4 - (-4 + -4)) + -1.
3
Calculate (-5 - -7) + 0 + -2.
0
What is the value of 1 - 3 - (-9 + -2 - -11)?
-2
What is the value of -7 + (1 + (6 - 2) - 1)?
-3
What is the value of (9 - 8 - 10) + 9?
0
Evaluate -8 + (5 - 0) + 1.
-2
What is the value of (1 - 0 - (-1 - -8)) + 4?
-2
What is 0 - (-3 + -2 - -9) - -10?
6
2 + (-5 - 2) + 1
-4
What is -3 - (9 + 10 + -25)?
3
Evaluate 2 - (7 - (1 + 2)).
-2
(-6 - 5 - -5) + 0 + 1
-5
6 + (4 - -6) + -14
2
Calculate -2 - (-4 + (3 - -5) + -5).
-1
Evaluate -1 + 7 + 3 + -4.
5
What is the value of (2 - 2 - -10) + -18?
-8
Evaluate 6 + (4 - 1) - (-1 - -5).
5
What is the value of 2 - 8 - -3 - -9 - 4?
2
What is (24 - 16) + (1 + -1 - 1)?
7
Evaluate 0 + ((-10 - -5) + 4 - -3).
2
-5 + (-1 + -8 - -19)
5
What is -12 + 23 + 1 - 3?
9
-3 + (32 - 33) + (9 - 0)
5
What is (3 - (6 - 3)) + 4 + -9?
-5
Calculate -2 - (-8 + 4 - (-2 + 0)).
0
Calculate (2 - -13) + -13 - (8 + 2).
-8
Evaluate 6 + (5 - 6) - 1.
4
What is the value of -6 + (-2 - -11 - 6)?
-3
What is (-2 - (-6 - 5 - -4)) + -11?
-6
What is the value of 23 - 4 - (11 + 1)?
7
Calculate (-9 - -4) + -1 - (-1 - 7).
2
What is -2 + (-4 - (2 + -3))?
-5
-1 + (2 - (-1 - (2 - 6)))
-2
Evaluate 7 - (4 - (1 + -3)).
1
What is the value of -7 - (5 - 5) - -7?
0
Calculate -4 - (-3 + 3 - 6).
2
Calculate -5 - (-16 - (-1 - 2)) - 6.
2
Evaluate 18 + (-13 - -6) - 14.
-3
1 - 1 - (-12 + 16)
-4
Calculate 6 - 2 - -2 - 4.
2
Evaluate (0 - (2 - -2)) + 5 + 1.
2
9 - (14 + -9 + 6)
-2
Evaluate 0 - -6 - (3 + 3).
0
What is -3 - (-4 + 6 - 4)?
-1
What is -6 + (-3 - (-5 - 2))?
-2
What is 7 + 5 + -20 - -1?
-7
What is -4 + (0 - (-1 - -2) - -5)?
0
-30 - -28 - (0 - -2)
-4
Evaluate (0 - 0 - (0 - 8)) + -4.
4
Evaluate -1 + 1 + 1 + 1 + 3.
5
-6 - (-7 - (-6 + 3))
-2
What is 2 - 3 - (3 + -7)?
3
What is the value of -4 - (1 + -5) - (0 - 1)?
1
Evaluate 8 + (1 - 11) - (-1 + 4).
-5
What is -1 - -7 - ((11 - 10) + 3)?
2
What is the value of 3 + (3 - (6 + -9))?
9
Evaluate 10 + 8 + -11 - 6.
1
What is the value of 8 + -13 + -6 + 12?
1
Calculate 0 - (-1 + 2 - (0 + 2)).
1
(5 - (10 - 0)) + 4
-1
Evaluate -40 + 46 + 0 + (1 - 3).
4
Calculate 4 - (-3 + (2 - -6)).
-1
Calculate 7 + 2 + (-10 - (-3 - 1)).
3
What is -1 + -8 + 0 + 7?
-2
9 + -15 - (-2 + 2 + 2)
-8
What is 8 + -2 + 1 + -3?
4
What is (1 - -4) + 0 + -2?
3
Evaluate 0 - ((-4 - -9) + -3).
-2
-3 + 5 - -5 - 3
4
What is 31 + -29 - (-1 + 2 + -2)?
3
What is (-2 + 0 - -5 - 3) + -3?
-3
What is the value of 5 + -3 + 0 + 5 + 0?
7
What is -4 - 0 - (1 + 4)?
-9
What is 1 - (-3 - -1 - -3)?
0
Calculate 2 - (5 + (-6 - -3) - -2).
-2
What is the value of -5 + (-3 - 4) + 23 + -3?
8
-4 - -16 - (12 + 3)
-3
What is the value of -8 - -4 - (1 + 0) - -8?
3
Calculate (9 - 5) + 2 + -13.
-7
What is the value of (-3 - -3) + 1 + -3?
-2
What is (-5 - 0) + 2 - 2?
-5
What is -2 - ((3 - 0) + -1 + -7)?
3
What is the value of (-1 - 3) + 1 + (45 - 33)?
9
What is 1 - ((3 - -4) + -4)?
-2
What is the value of 1 + -5 - (-16 - -11)?
1
What is the value of 4 + 5 - (-10 + 18)?
1
Calculate -17 - -8 - (-1 + -2).
-6
What is 5 - (2 - (3 - -3 - 4))?
5
Evaluate 1 + -4 + -2 + 4 + 5.
4
Calculate (1 - 0) + (1 + -3 - 3).
-4
What is 128 + -118 - (-1 - -8)?
3
Calculate 1 + 1 - (-3 - -12 - 10).
3
-3 - (2 + (3 - 4))
-4
Evaluate 4 + 7 + -6 + -2.
3
What is -6 - (0 + -7 + 4)?
-3
Evaluate 2 + (-12 - 5) + 10.
-5
What is the value of -10 + 21 - 10 - 7?
-6
Calculate -14 - -12 - -4 - 8.
-6
-4 + (-4 + 5 - 1) + -1
-5
What is -2 + (3 + -10 + 1 - -4)?
-4
Evaluate -11 + -3 - -22 - 3.
5
What is the value of 0 + -3 - (-9 + 19 + -9)?
-4
Evaluate -14 - (-6 + -1) - -2.
-5
Calculate 7 - (-5 + 9 + -1).
4
(2 + -1 - 8) + 5
-2
What is 2 - -2 - (-3 + (10 - 6))?
3
What is the value of -15 - 4 - (-8 + -4)?
-7
What is the value of (1 - (-1 - -3)) + (0 - 0)?
-1
Calculate -4 + 3 + -1 + 0 + -2.
-4
Evaluate 6 + (0 - -1 - (-4 - -4)).
7
3 + (5 - 1) + -7 - -6
6
Evaluate 4 + 0 + -2 + 1 + 2.
5
Evaluate -1 - (-5 - -1 - -6).
-3
What is the value of (-7 - (0 - 11)) + 2?
6
Evaluate (1 - 2) + (3 - (11 + -5)).
-4
Calculate 0 - (-3 - 1) - 4.
0
What is the value of (-5 - 1) + 2 + 1?
-3
What is the value of 12 + -14 + -4 + -3?
-9
Calculate -4 + -1 + (0 - -3) + -2.
-4
1 + 2 + -54 + 59
8
What is the value of 2 + (-4 - -1) + (-5 - -1)?
-5
What is (5 - (2 - 5)) + -2 + -2?
4
What is (-8 - 1) + 2 - -12?
5
What is the value of -1 + 12 + -3 - 8?
0
Calculate (-2 - 0 - (8 - 8)) + 2.
0
What is the value of -11 + 7 + -2 + 4?
-2
(6 - (9 + 1)) + 4 + -1
-1
What is -4 - -1 - -6 - (1 - 0)?
2
Calculate 2 + -2 - (-8 + (5 - -8)).
-5
Evaluate -4 - (3 + (11 - 14)).
-4
Evaluate (4 - 3) + 4 - (-28 - -35).
-2
Evaluate (-3 - 6) + 1 + 3 + 5.
0
What is (-9 - -1) + -2 + (1 - -2)?
-7
Calculate (-41 - -42) + (1 + 1 - 2).
1
Evaluate -7 + 1 + 3 - (2 + -3).
-2
Evaluate -1 - -1 - (-10 + 14 + -3).
-1
What is (18 - 15) + -11 + 0 + -1?
-9
What is -3 + -2 + (2 - 0 - 0)?
-3
1 + (-4 - (0 - 0)) + 4
1
Evaluate -3 + 7 - (4 - 6 - -4).
2
-13 - -8 - (-19 - -9)
5
Evaluate 5 + -9 + 5 + -1.
0
What is the value of (-1 - -1) + (-6 + 7 - -3)?
4
What is the value of -1 - ((-11 - -4) + 1)?
5
(12 - 13) + 1 + 4
4
What is the value of 9 - (1 + 1 + 3)?
4
What is -5 + (-1 - (-5 - -9 - 7))?
-3
What is the value of 5 - (2 - (-3 - -5))?
5
Calculate (8 - (0 - 4)) + -22.
-10
3 - (0 + (-9 - -5) + 2)
5
What is the value of -4 + -4 + (-8 - -10)?
-6
Evaluate 2 + 0 + 47 + -44.
5
Evaluate (2 + -1 - 2) + (-2 - -3).
0
What is the value of (-411 - -409) + (0 - (-2 - -1))?
-1
Evaluate 0 + -6 + 2 + 5 - -4.
5
Calculate -7 - (5 + -8 + 0).
-4
Evaluate -3 + 9 + -3 + 2.
5
Calculate -3 + (3 - (1 + 1)).
-2
Evaluate 2 - (1 + -1 + (-4 - -1)).
5
What is the value of 4 + (2 - 5) - 1?
0
Calculate 13 - (1 - -4 - (-37 + 37)).
8
What is 0 + 2 + (-2 - (-1 + 5))?
-4
Calculate -18 - -29 - (8 + -2).
5
Evaluate 0 + 0 + (7 - 7 - 4).
-4
Evaluate -3 + (5 - (1 + 2)) + 1.
0
What is the value of -3 + (-1 - -2) + -74 + 81?
5
Evaluate (-1 - 6 - -6 - 4) + 2.
-3
Evaluate (-1 - -10) + (-11 - 0).
-2
Evaluate 3 + -14 + 4 - (-22 - -7).
8
5 - (-1 + 3 - -1 - -5)
-3
What is the value of 4 + 0 - (7 - (3 - 4))?
-4
Evaluate (28 - 9) + -9 - 16.
-6
(2 - 1 - (3 - 3)) + -2
-1
Calculate -5 - (-14 + 1 + 7).
1
What is 1 + (-12 - -2 - -4)?
-5
Calculate 3 - ((-6 - -3) + 1).
5
-30 - -36 - (13 + -1)
-6
What is -6 + (1 - -2 - (10 + -10))?
-3
What is 0 + -11 + 4 - -10?
3
Evaluate -3 + 4 + (-4 - 0) + 2.
-1
What is -1 + 2 + 3 + -4 + -3?
-3
Evaluate (-2 - -10) + -5 - -2.
5
What is (-6 + 5 - (4 - 15)) + -3?
7
Evaluate 5 - (1 - (0 + -4 - 0)).
0
What is 1 - (7 + -2 - 0)?
-4
0 + (4 - 1) + -2
1
Evaluate 6 - (-2 + -5 + 6 - -13).
-6
Evaluate -2 - -2 - (4 - 1 - 3).
0
What is -4 + (0 - ((3 - 5) + 2))?
-4
What is the value of 0 + 3 - (1 - -3 - -2)?
-3
Evaluate -4 - (3 + 0 - 4).
-3
(1 - -11) + -5 + 0 + -1
6
Evaluate -4 - (-6 + 12 + -4).
-6
Evaluate -7 - ((-7 - -5) + -5).
0
Evaluate (8 - 16) + (7 - 0).
-1
What is the value of (1 - 5) + (2 - 1)?
-3
Calculate (9 - 7) + -3 + 1.
0
0 + -10 + 7 + 5
2
What is 12 - (14 + 4) - (1 + -5)?
-2
What is the value of (0 - (-5 - -5)) + -6 - -3?
-3
Evaluate (2 + 2 - 2) + 0.
2
What is 3 - (-2 - (0 - 7))?
-2
Calculate -2 - -3 - 7 - -1.
-5
(4 - 5) + (-12 - 0 - -7)
-6
What is the value of (89 - 89) + (1 + -1 - 6)?
-6
What is the value of -5 + -1 + (15 - 4)?
5
-10 + 14 - ((3 - 3) + -3)
7
Calculate 5 + -2 + 2 + 0 + -1.
4
What is -11 + 9 - (2 + 1) - -9?
4
What is -13 + 12 + (-3 - -1 - -5)?
2
-3 + (3 + -3 - 0) - -3
0
Calculate 4 - (8 + -4 - 1).
1
What is the value of 0 - 1 - (-7 + (10 - 0))?
-4
What is the value of 2 - (14 - (9 - 2))?
-5
Evaluate -27 + 26 + 4 + 1 + -2.
2
Calculate 7 + (-1 - 3) - (